4 = 0. What is the remainder when m is divided by z?
2
Suppose -o + 4 = 0, 3*n - 12 = 3*o - 6*o. Suppose -2*u + u = 3*b - 22, -5*u - 4*b + 66 = n. Calculate the remainder when 28 is divided by u.
8
Let y = 11 - 4. Suppose c + 1 = y. Calculate the remainder when c is divided by 4.
2
Suppose -2*s - q - 1 = -14, 5*s - 2*q = 19. Calculate the remainder when s is divided by 4.
1
Suppose -3*d + 72 = 5*c - 0*d, 5*d = -2*c + 44. What is the remainder when c is divided by 5?
2
Suppose -49*q - 50 = -54*q. Suppose 0 = -3*j + h + 120, h = -5*j - h + 189. What is the remainder when j is divided by q?
9
Let w = 43 + -14. What is the remainder when w is divided by 6?
5
Suppose 0 = f - 2*s + 3, -4*f + 57 - 4 = 5*s. Let v be (-1 - -1)/(3/1). Suppose v*u - 5*u = -100. What is the remainder when u is divided by f?
6
Let y be 3 - (-5 - (-6 + 3)). Calculate the remainder when 62 is divided by y*(1 - 48/(-15)).
20
Suppose 460 = 6*y - y. What is the remainder when y is divided by 19?
16
Let u(r) = r - 7. Let v be u(10). What is the remainder when v + -48*(-12)/9 is divided by 23?
21
Suppose -25 + 10 = -5*w. What is the remainder when w is divided by 2 - (2/(-2) - -2)?
0
Suppose 0*q + 15 = q. What is the remainder when 42 is divided by q?
12
Let z(o) = 2*o + 1 - o + 4. Let m be z(-4). Suppose d - m = 5. What is the remainder when 10 is divided by d?
4
Suppose 3*f + 87 = 4*f. Calculate the remainder when f is divided by 30.
27
Suppose -3*q + 86 = 5*f, -5*q - 2*f + 22 + 96 = 0. Calculate the remainder when 65 is divided by q.
21
Let y = -9 + 10. Suppose 0 = -5*v - 2*z - 6, z = -3*v - 2*z. Let t = 3 + v. Calculate the remainder when t is divided by y.
0
What is the remainder when 2/4*208/26 is divided by 1?
0
Suppose 109 = 4*y - 2*y + 5*c, 0 = -y + c + 37. What is the remainder when y is divided by 11?
9
Suppose p + 4 = -0*p - b, -b = 3*p + 12. Let m = p + 4. Suppose a = -m*a + 7. Calculate the remainder when 19 is divided by a.
5
Let i(q) = -3 + 0 + 4*q - 2 + 1. What is the remainder when 62 is divided by i(5)?
14
Suppose -h = 1 + 1. Calculate the remainder when (1 + -1)/h + 10 is divided by 3.
1
Let q be 0/2 - (1 - 1). Let s(i) = i + 11. Let v = 1 + 20. What is the remainder when v is divided by s(q)?
10
Suppose 90 = 3*d + 4*s, 2*d + 3*s = -0*d + 59. What is the remainder when d is divided by 23?
11
Let q(s) = 2*s**2 + 13*s - 2. Calculate the remainder when 43 is divided by q(-8).
21
Suppose 6 = f - 3*f. Let y(r) be the second derivative of r**4/6 + r**3/6 - 3*r**2/2 - 15*r. Calculate the remainder when 46 is divided by y(f).
10
What is the remainder when 55 is divided by 3 + 17 - 1 - (-12)/(-3)?
10
Let z be (14 + -2)/((-3)/(-4)). Calculate the remainder when 436/z - 3/12 is divided by 14.
13
Let m = 184 + -158. What is the remainder when 48 is divided by m?
22
Suppose 40 = 2*w - m, -6*w - 3*m = -w - 89. Suppose 35 = 5*x - 4*f, 0 = x - 4*f - 5 - 2. Calculate the remainder when w is divided by x.
5
Suppose -6*l = 3*u - 3*l - 240, 2*l - 8 = 0. What is the remainder when u is divided by 26?
24
Let d = 67 - -16. What is the remainder when d is divided by 21?
20
Suppose -o - l - 2 = 2*l, 2*l + 28 = -4*o. Calculate the remainder when 24 is divided by ((-6)/o)/((-6)/(-72)).
6
Let d = -7 - -17. Suppose -4*l = -5*m + 69, -2*l + d = m + l. Calculate the remainder when (-2 - (-27)/6)*10 is divided by m.
12
Let g = 53 - 40. What is the remainder when 50 is divided by g?
11
Suppose 0 = -0*z + z - 16. Let w = 6 + z. What is the remainder when 63 is divided by w?
19
Let v be 2/6 + (-19)/3. Let r be (4/v)/((-1)/12). Let z = -3 + r. Calculate the remainder when 14 is divided by z.
4
Let j = 76 + -6. What is the remainder when j is divided by 6?
4
Suppose -3*q - 34 = -5*q. What is the remainder when q is divided by 6?
5
Calculate the remainder when 15 is divided by 10/(-25) + 47/5.
6
Let r be (-2)/6*-2*9. Let w = r - 2. Suppose 2*i - 17*i = -135. What is the remainder when i is divided by w?
1
Let r(t) be the second derivative of t**5/4 - t**3/6 + t**2/2 - 3*t. Calculate the remainder when 19 is divided by r(1).
4
Suppose 4*b - 116 = -4*h + 7*b, 5*b = -5*h + 180. What is the remainder when 92 is divided by h?
28
What is the remainder when 39 is divided by ((-45)/(-6))/((-24)/(-32))?
9
Let j = -1 + 3. Suppose 3*z + 308 - 113 = 3*k, -j*z = -10. Calculate the remainder when k is divided by 18.
16
Suppose -s + 3*w = -5 - 5, 3*w = -2*s + 20. Let q = s + -11. Let z(j) = -50*j**3 - j**2 + 1. What is the remainder when z(q) is divided by 13?
11
Let v = 2 - -2. Suppose -v*d = 5*z - 52, 5*d - 4*z = 12 + 12. Let q = 14 + 9. Calculate the remainder when q is divided by d.
7
Let l(z) = z + 27. Calculate the remainder when 40 is divided by l(-15).
4
Let l(r) = -15*r + 4. Let z = 42 + -29. Calculate the remainder when l(-3) is divided by z.
10
Let d = 43 + -19. Calculate the remainder when 119 is divided by d.
23
Suppose 54 = 3*i - 51. Let d = i - 4. What is the remainder when d is divided by 16?
15
Let y(g) = g**3 - 5*g**2 + 3*g + 7. Let n be y(5). Calculate the remainder when 95 is divided by n/1 + 22/11.
23
Let z = -94 - -142. Let r = 6 - 10. What is the remainder when z is divided by 5*5*(5 + r)?
23
Suppose -2*z + 46 = -k - k, 3*z - 2*k - 67 = 0. What is the remainder when 167 is divided by z?
20
Suppose -3*x - x + 148 = 0. Let m = -4 - 9. Let c = x + m. Calculate the remainder when c is divided by 13.
11
Let y be (0/(3/1))/1. Suppose 2*g - 74 = -y*g. Calculate the remainder when g is divided by 19.
18
Let u = 16 + -9. Calculate the remainder when 54 is divided by u.
5
Let o = 5 + -3. What is the remainder when 7 is divided by o?
1
Let i(q) = q**2 + 1. Let k = 10 + -6. Suppose -3*o - k*u - 24 = 0, -u + 19 = -o - 6*u. What is the remainder when 32 is divided by i(o)?
15
Suppose -5*w + 5*t + 64 - 4 = 0, t = -3. What is the remainder when 23 is divided by w?
5
Let i = 20 + 23. What is the remainder when i is divided by 22?
21
Let l = -60 - -108. What is the remainder when l is divided by 25?
23
Suppose -2*p + 2*q = -3*q - 11, -4*q = 4*p - 92. Calculate the remainder when 52 is divided by p.
16
Calculate the remainder when 12/54 - 664/(-9) is divided by 11.
8
What is the remainder when 93 is divided by ((-8)/(-5))/(3/30)?
13
Suppose -2*h + 5*z + 39 = 0, 4*h - 4*z = 5*h. Let d = -2 + h. Calculate the remainder when 17 is divided by d.
7
Let g be (-2 - 1) + 0 - -5. Suppose g*y - 44 = -0*y - 2*d, -5*y = -4*d - 74. What is the remainder when 52 is divided by y?
16
Let r(b) = -b**2 + 17*b - 2. Calculate the remainder when 112 is divided by r(12).
54
Let o = 6 - 1. Calculate the remainder when o is divided by (-2)/(-2) + 2 - -1.
1
Let u = -3 + -6. Calculate the remainder when 24 is divided by -6 - u - (-12)/2.
6
Let j(w) = w**2 - 2. Let h be j(-2). Suppose -h*d + 48 = d. What is the remainder when 47 is divided by d?
15
Let w(i) = i**3 - 6*i**2 + 4*i + 4. Let q be w(5). Calculate the remainder when q - (117/(-3) + 2) is divided by 19.
17
Let a be (21/(-14))/((-1)/14). Suppose -a = 2*k - 3*k. Calculate the remainder when 61 is divided by k.
19
Let z(p) = -p**2 - 13*p + 3. Let l be z(-13). Suppose 0 = -l*f - 3*y + 6, 0*y - 3*y + 4 = 2*f. What is the remainder when f is divided by 2?
0
Let g = -44 + 48. Calculate the remainder when 4 is divided by g.
0
Let g(b) = -4*b**3 + 25*b**2 - b - 14. Let q(l) = -3*l**3 + 17*l**2 - l - 9. Let i(x) = -5*g(x) + 7*q(x). Calculate the remainder when 55 is divided by i(-6).
17
Let k = 46 - 38. Calculate the remainder when (-1072)/(-24) + 2/6 is divided by k.
5
Suppose 0*f = -2*f + 30. Suppose -3*g - 2*g - f = 0. Calculate the remainder when (-368)/(-6) + 1/g is divided by 16.
13
Suppose 40 = 5*f - 4*a, 3*a = f - 5 - 3. Let v be 218/f + (-3)/12. Let w = -11 + v. Calculate the remainder when 31 is divided by w.
15
Let o(x) = x**3 + 4*x**2 + 2*x - 2. Let f be o(-3). What is the remainder when 0 + (-1)/(f/(-2)) is divided by 2?
0
What is the remainder when (-45)/(3/(-4)*2) is divided by 18?
12
Let b(u) be the third derivative of 7*u**5/12 - u**4/12 + 8*u**2. Calculate the remainder when b(1) is divided by 6.
3
Suppose -2*d + d + 13 = 0. Suppose 3*a + 10 = 5*a. What is the remainder when d is divided by a?
3
Let z be 7/3 + 1/(-3). Let s = 4 - z. What is the remainder when s 